Let c be s(-5). What is the greatest common divisor of c and 49?
7
Let x = -616 + 647. Calculate the highest common factor of 837 and x.
31
Let o(z) = -z**2 + 6*z + 28. Let p be o(7). Calculate the highest common factor of p and 56.
7
Suppose 6*b = 2*b - 56. Let l be 4 + b/2 + 7. Suppose 3*a + a - 134 = 5*v, -l*a + 154 = 5*v. What is the greatest common factor of 9 and a?
9
Let b = -269 - -122. Let u be (14/49)/((-3)/b). Let q(z) = 3*z**2 + 6*z + 7. Let s be q(5). Calculate the greatest common divisor of s and u.
14
Let h = 1 - -9. Calculate the greatest common factor of h and 410.
10
Let d(m) = 3*m**3 + m**2 - m - 3. Let y be d(-1). Let i(o) = -2*o + 1 + 2*o**2 - 5 - 4*o. Let v be i(y). Calculate the greatest common divisor of 13 and v.
13
Let c = -219 - -239. Calculate the highest common divisor of c and 8.
4
Suppose -2*d - 12 - 2 = -2*r, -3*r - 39 = 3*d. Let z be d + 9 - 210/(-1). What is the greatest common factor of 19 and z?
19
Suppose m = 5*a - 148, 4*m + 4*a + 144 = -472. Let q = -83 - m. What is the highest common divisor of 14 and q?
14
Let x be (20/(-15))/((-46)/621). Let j be (12/(-10))/((-1)/120). Calculate the highest common divisor of j and x.
18
Let n = -11 - -13. Suppose 0*w = -n*w + 68. Calculate the highest common factor of 51 and w.
17
Let d = 3 - 7. Let i = d + 3. Let g be (4/((-8)/162))/i. Calculate the highest common divisor of g and 9.
9
Suppose -30 = m - 3*m. Suppose 5*r = x - 10, x = 3*r + 3 + m. Let j = -65 - -71. Calculate the greatest common factor of j and x.
6
Let j(k) = -k**3 + 6*k**2 + k - 11. Let r be j(5). Let d = 51 - r. What is the highest common factor of 256 and d?
32
Let k = 33 + -67. Let w = k + 38. Calculate the highest common divisor of 12 and w.
4
Let p(n) = n**2 - 14*n + 27. Let o be p(11). Let g be (-153)/o - 12/8. What is the greatest common divisor of 6 and g?
6
Let q(c) = c**2 + 2*c - 44. Let k be q(6). What is the highest common factor of k and 2?
2
Let c be -3 - -2 - (34/(-2) - -12). Let f(r) = -r**2 + 7*r + 5. Let h be f(7). Suppose -27 = -c*n + h. What is the greatest common factor of n and 12?
4
Let u(w) = -7*w**2 - w - 3. Let t be u(4). Let q = t + 174. Let v = -82 - -104. What is the highest common factor of v and q?
11
Let b = -305 + 307. Calculate the greatest common divisor of 146 and b.
2
Suppose 0*q - 4*q = -240. Suppose 35 + 70 = 7*z. Calculate the greatest common factor of q and z.
15
Let b be 10*(4 - (-72)/(-20)). Suppose 7*i - 3*i = w - 5, -b = -2*i. Calculate the highest common factor of w and 65.
13
Suppose 315 = 25*b - 18*b. Calculate the highest common factor of b and 25.
5
Suppose -1334 = -2*p - 218. Calculate the highest common divisor of 54 and p.
18
Let t(v) = v - 7. Let o be t(7). Suppose 0 = 2*b - d - 3, 4*b + 5*d - 9 - 4 = o. What is the greatest common factor of 3 and b?
1
Let k be 4/14 - 3563/(-49). Suppose 50 = u - k. Suppose -s = -u + 3. What is the greatest common divisor of s and 15?
15
Let d = -1392 + 1409. Calculate the highest common factor of 323 and d.
17
Let k(z) = z**3 + 3*z**2. Let u be k(-4). Let c = u + 60. Let a be (-3 - -1) + 42/(5 - -2). Calculate the greatest common divisor of a and c.
4
Suppose -13*a + 4*a + 2106 = 0. Calculate the greatest common factor of a and 27.
9
Suppose 21 = c - 5*f, 4*c + c = -2*f - 3. Calculate the highest common factor of c and 5.
1
Let g(x) = -87*x + 1 + 89*x - 4 + 2. Suppose 5*o + 8 = 6*o. Let s be g(o). Calculate the greatest common divisor of 45 and s.
15
Suppose 3*m = -5*q + 1061, 2*q = 3*m + 3*q - 1069. What is the highest common divisor of 21 and m?
21
Suppose 4*c = 5*u - 53, -2*c = -6*u + 3*u + 31. What is the greatest common factor of u and 225?
9
Let y be 0 + 4/(-26) + 5646/26. What is the greatest common divisor of 21 and y?
7
Let d(q) = -q**2 + 57*q + 17. Let v be d(0). What is the highest common factor of v and 1717?
17
Let j = -1425 + 1443. What is the greatest common factor of j and 174?
6
Suppose 7*h - 4*h = 432. Let y be 4/(-10) - 972/(-30). Let z = y + -16. Calculate the highest common factor of h and z.
16
Suppose 5*u - 3*x + 8 = 0, -1 = 4*u - x + 4*x. Let n be (-23 + 2)*(u - 14)/3. What is the greatest common factor of n and 15?
15
Suppose 0 = -6*s - 24 - 66. Let w(d) = -2*d - 11. Let v be w(s). What is the highest common divisor of 171 and v?
19
Let d be (-1)/((4/152)/(6 - 7)). Calculate the greatest common factor of d and 4.
2
Let c be -4478*4/(-32) - (-1)/4. Calculate the greatest common divisor of 35 and c.
35
Suppose 4*a - 62 = -4*r + 54, a = 4*r + 4. Let l = 178 - 165. Suppose 10*h + a = l*h. Calculate the highest common divisor of 2 and h.
2
Suppose -3766 + 103 = -11*h. Let g = -48 - -85. What is the greatest common divisor of h and g?
37
Suppose 4*v = 4*j, j + 4*v + 10 = -15. Let a(z) = z + 12. Let y be a(j). Calculate the highest common divisor of y and 77.
7
Suppose -53*y = -70*y + 544. What is the highest common factor of y and 6?
2
Let q(t) = 2*t**2 - 15*t - 11. Let p be q(9). Calculate the greatest common divisor of 176 and p.
16
Let o = 69 - 41. Let v = 451 - 409. Calculate the greatest common divisor of o and v.
14
Suppose 11567 - 2767 = 50*t. Suppose 0 = a - 3*a. Let w be (8 + a)/((-2)/(-4)). What is the highest common factor of w and t?
16
Let i = 182 - 385. Let r = 323 + i. Calculate the greatest common factor of r and 24.
24
Suppose 3*c + 6 = 6*c. Suppose -c*q + 4 = -6. Let p be (-2)/(-10) + 89/q. Calculate the greatest common divisor of p and 90.
18
Let v(o) = o**3 - 5*o**2 - 5*o - 3. Let t be v(9). What is the greatest common divisor of t and 24?
12
Let s(b) = -5*b - 2. Let c be s(-10). Let k(t) = 29 - 3*t - 62 + 21. Let g be k(-8). What is the highest common factor of c and g?
12
Suppose 0 = 5*b - 215 + 165. Let d be 4/(-10)*(-1 - 4). What is the greatest common divisor of b and d?
2
Let w(x) = -x**2 + 8*x + 15. Let b be w(0). What is the highest common factor of b and 15?
15
Suppose 20 = 4*q, -5*z - 3*q + 258 = 3. Calculate the highest common divisor of 108 and z.
12
Let l be ((-54)/(-4))/((-43)/(-258)). Calculate the highest common factor of l and 432.
27
Suppose -4*t + 580 = -20. What is the highest common divisor of t and 80?
10
Let c be (-1 - -2) + 14 + -2. Suppose -21*z + 1066 = 20*z. Calculate the greatest common divisor of z and c.
13
Let s(n) = 4*n**2 - 11*n - 23. Let o(d) = d**2 - 4*d - 8. Let w(i) = -7*o(i) + 2*s(i). Let m be w(-7). Calculate the highest common factor of 17 and m.
17
Let p(l) = -l**3 + 17*l**2 + 19*l - 16. Let q = -28 + 46. Let i be p(q). Suppose i*j - 240 = -j. Calculate the highest common divisor of j and 16.
16
Suppose 68*o = 1424 + 2180. What is the highest common divisor of o and 1007?
53
Suppose -350 = -9*j + 820. Suppose 0 = 2*k + 3*i - 37, 5*i - 4*i = -5. What is the greatest common factor of k and j?
26
Suppose -10*q + 520 = 70. Suppose 1 = -t + 16. What is the highest common factor of t and q?
15
Let c = 13 + -23. Let b = 14 - c. Suppose 2*j - 36 = j. Calculate the greatest common factor of j and b.
12
Suppose -66 = -1155*x + 1152*x. Calculate the greatest common factor of x and 77.
11
Let j(i) = 13*i + 159. Let y be j(-9). Calculate the greatest common factor of 14 and y.
14
Let s be (-5)/(-15) - 187/3 - -2. Let z = s - -84. What is the highest common factor of z and 6?
6
Let a be 3*((-57)/(-9) - -3). What is the highest common factor of 49 and a?
7
Let w(t) be the third derivative of -t**6/120 - t**5/20 + 7*t**4/24 + 4*t**3/3 - 14*t**2. Let g be w(-5). What is the highest common factor of g and 184?
23
Let c(m) = m**3 + 18*m**2 + 18*m + 29. Let k be c(-17). Calculate the greatest common divisor of k and 36.
12
Let a(s) = 33*s. Let j be a(-1). Let v = 98 - 41. Let o = j + v. What is the greatest common divisor of 264 and o?
24
Suppose -u = 3*t + 7, 2*u - t = -u + 9. Let d = 319 + -316. What is the highest common divisor of u and d?
1
Let a = 53 - 21. Let w be ((-2)/2)/(8/64*-2). Calculate the greatest common factor of w and a.
4
Suppose u + 7 = 5*p, -u = u + 3*p - 51. What is the highest common factor of 618 and u?
6
Suppose -3*f = 4*m - 1, -f + m = -2*f. Let i be -5 + (2 - 3) + f. Let c be (1 - i) + 6/(-3). What is the greatest common divisor of c and 6?
6
Let g be (-2)/(-4) + (-138)/(-4). Suppose -5*n = -2*w - 12, 2*w - n + 8 = 3*w. Le